the prime factors of 0 + p - (-51 + 4).
2, 23
Suppose -16110 = -14*y + 24462. What are the prime factors of y?
2, 3, 7, 23
Let q(r) = 43*r**3 + r**2 + r - 1. Suppose 5*l - 4 = l. List the prime factors of q(l).
2, 11
Let v = 511 - -1466. What are the prime factors of v?
3, 659
Suppose -4*b = -5*a + 68, -3*a + 0*a + 24 = -b. Let h = -10 - b. Suppose 5*i = h*n - 17 - 11, 4*n - 2*i - 72 = 0. List the prime factors of n.
19
Suppose 0 = 3*q + 4*b + 31, 0 = q - 4*b - 10 - 1. Let u = q + 6. Let k = 5 + u. List the prime factors of k.
2, 3
Suppose 2*q - 3126 = -2*x, 10*q - 15*q + 5*x + 7855 = 0. List the prime factors of q.
1567
Let y(a) = -6*a + 14. Let o be y(3). List the prime factors of o/(-14)*(-18 - -25).
2
Suppose 3*l = 5*f - 193, 2*l + 111 = 3*f - l. Let q = f + 23. What are the prime factors of q?
2
Suppose b = 3*b - 2. Suppose -j + 2*n + 3 = 0, -3*n - 2 = -j + b. Suppose -j*p + 2*p = -21. List the prime factors of p.
3, 7
Suppose 21512 = 34*s - 4940. List the prime factors of s.
2, 389
Suppose 4*t + 173 - 1977 = 0. Suppose 4*p - 757 = t. What are the prime factors of p?
2, 151
Suppose 4*i + 12 = 44. Let q(n) = 4*n**2 - n - 25. What are the prime factors of q(i)?
223
Let l(u) = -u**2 - 19*u - 2. Suppose 9 = 5*r - 6, 3 = i + r. Suppose 0 = -5*a - i*a - 30. What are the prime factors of l(a)?
2, 19
Let l(j) = j**3 - j**2 + 2*j - 12. Let h be l(0). Let v be 6/h*(-120)/(-1). Let s = v - -86. What are the prime factors of s?
2, 13
Let x(u) = -u**3 - 19*u**2 - 24*u + 77. List the prime factors of x(-19).
13, 41
Let k(v) be the third derivative of v**5/30 - 3*v**4/4 + 10*v**3/3 - 3*v**2 + 3*v. What are the prime factors of k(11)?
2
Let i(t) = 12*t + 57. Let p be i(-4). What are the prime factors of (-2)/p + 14432/144?
2, 5
Let o(q) be the first derivative of -q**4/4 - 5*q**3/3 - 3*q**2 - 11*q + 1. Suppose -30 = 4*x - 10. List the prime factors of o(x).
19
Suppose -5 = -v, -4*q + v + 125 = -2*v. Let a = q - -30. What are the prime factors of a?
5, 13
Let m(s) be the third derivative of 0*s - 1/3*s**4 + 0 - 3*s**2 + 0*s**3. What are the prime factors of m(-4)?
2
Suppose 4*m = -3*n + 6872, 3724 = 4*n - m - 5426. What are the prime factors of n?
2, 11, 13
Let f = 6 - 1. Suppose 3*v + 3*t - 2*t - 35 = 0, -4*v + 2*t + 40 = 0. Let p = v + f. List the prime factors of p.
2
Suppose -51*v = -58*v + 2947. What are the prime factors of v?
421
Let v(n) = -14*n + 2 - n**2 + 4 - n**2 + n**2. Suppose 3*w + 13 = -17. List the prime factors of v(w).
2, 23
What are the prime factors of (-2335 + -13)/(-3 + -1)?
587
Suppose -1882 = -17*l + 1892. What are the prime factors of l?
2, 3, 37
Let c be ((-15)/(-10) - 1)*2*2. Suppose -2*f + 224 = 3*p - 3*f, 227 = 3*p + c*f. List the prime factors of p.
3, 5
Let c = -335 - -185. Let r = 312 + c. What are the prime factors of r?
2, 3
Suppose 2*h + 2*h - 4 = 0. Let x be h*24*3/9. Suppose 37 + x = 3*c. What are the prime factors of c?
3, 5
Let k(m) = -m - 2. Let d(c) = -6*c - 19. Let o(x) = 5*d(x) - 40*k(x). Suppose -5*f + 2*v + 23 = -1, -4*v = -3*f + 6. What are the prime factors of o(f)?
3, 5
Suppose -b = -18 + 16. List the prime factors of ((-80)/(-10))/(b - 0) + 42.
2, 23
Suppose -51 = -3*d - 3*u, -6*d + 41 = -3*d + u. Let a be -1*(-1)/(3/36). Let f = a + d. List the prime factors of f.
2, 3
Let m(n) = 2*n**2 + 3*n - 3. Let c be m(2). Suppose 0*d + 15 = -d - 4*s, -3*d = -5*s + c. Let q(g) = g**2 - 2*g + 8. What are the prime factors of q(d)?
71
Let w be -1 + 15/5 - -9. Suppose b = w + 66. List the prime factors of b.
7, 11
List the prime factors of (-3)/(-5) + (8 - 8869/(-35)).
2, 131
Let f(q) = 5*q**2 + q + 3. Suppose 0 = -5*x - 5 - 20, -5*g + 3*x - 15 = 0. Let o(v) = v**2 + v. Let l(b) = g*o(b) + f(b). List the prime factors of l(-4).
7
Let z(j) = 172*j - 174. List the prime factors of z(5).
2, 7
Suppose 0 = 19*u + 28*u - 37224. List the prime factors of u.
2, 3, 11
Let d(s) = -s**3 + 11*s**2 - 2*s + 13. Let j(f) = -2*f + 23. Let v be j(7). List the prime factors of d(v).
157
Let t(v) = -v**3 + 9*v**2 + 4*v + 5. Let j = 36 - 28. What are the prime factors of t(j)?
101
What are the prime factors of 5/7 + -1 - (-1599526)/1169?
2, 3, 19
Suppose 5*j + 8*b - 3165 = 9*b, 0 = 4*j + 4*b - 2556. What are the prime factors of j?
2, 317
List the prime factors of ((-3390)/(-20))/(0 - 15/(-80)).
2, 113
Let f(o) = -19*o - 28 + 32*o + 83. List the prime factors of f(17).
2, 3, 23
Let i(b) = -7*b - 48. Let k be i(-6). List the prime factors of (10/50 - (-594)/(-20))*k.
3, 59
Let x be 0/(1/(-1 + 2)). Suppose -5*z = b - x*z - 52, 0 = -5*b + 5*z + 110. What are the prime factors of b?
3
Let g(k) = -2*k**3 + k**2 - k + 421. List the prime factors of g(0).
421
Let p(q) be the first derivative of -q**2/2 + 8*q - 4. Let f be p(-7). Suppose 3*c + 3 = f. List the prime factors of c.
2
Suppose -5*k + 505 - 2025 = 0. List the prime factors of -9*(3/(-4))/((-18)/k).
2, 3, 19
Let j(v) = -15*v + 363. List the prime factors of j(-7).
2, 3, 13
Let l = 6 - 6. Suppose l = -4*b + 3*r - 31, -16 = b - 3*r + 3. What are the prime factors of 0 - (6/3 + b)?
2
Suppose -7 = -j + 11. What are the prime factors of j*(3 + -1) + -2?
2, 17
Let h(x) be the third derivative of -x**6/120 - x**5/12 - x**4/8 - x**3/3 - 4*x**2. Let i be h(-2). What are the prime factors of (-90)/24*i/3?
2, 5
Suppose 0 = 5*b - 5*u + 2*u - 28, b = -4*u + 24. Let w(v) = 87 + 82 + 9*v**2 - v**3 - 176 - 4*v. List the prime factors of w(b).
5
Let w(y) be the third derivative of y**5/15 + y**4/8 + y**3/2 + y**2. Suppose 4*c = -31 + 19. What are the prime factors of w(c)?
2, 3, 5
Suppose 81 = -4*w + 33. List the prime factors of 3/(-12) + (-531)/w.
2, 11
Suppose 0 = -5*q - q + 18. Suppose -q*s = -4*s + 63. Suppose -287 = -5*g - 2*u, s = g - 0*u - u. What are the prime factors of g?
59
Let n = 392 - -4. What are the prime factors of n?
2, 3, 11
Let h(s) = -s**3 + 4*s. Let k be h(-2). Suppose 0*p + 2*p - 424 = k. List the prime factors of p.
2, 53
Suppose 0 = -2*g - 2*g + u - 198, 0 = 3*g - u + 148. What are the prime factors of -3 + 1*(1 - g)?
2, 3
Suppose 0 = d + 4, -5*n + d = -2*d - 22. Suppose -5*c - 5*h + 175 = 0, 4*c - n*c - 82 = 4*h. List the prime factors of c.
37
Let p(v) = 2*v**2 - 13*v + 30. Let b = -29 - -43. List the prime factors of p(b).
2, 3, 5
Let c(n) = n**3 - 4*n**2 - 14*n - 4. What are the prime factors of c(10)?
2, 3, 19
Let w = -305 - -392. Let r(j) = 2*j - 5. Let t be r(6). Suppose -2*u = -w + t. What are the prime factors of u?
2, 5
Suppose 5*i + 2*j - 230 = 0, -2*i - 2*j - 2*j + 76 = 0. Suppose 6*q = -2*q + i. Suppose 0 = 4*l - q*l + 6. What are the prime factors of l?
3
Suppose p - 1202 = 2*w, 6*p - w - 3599 = 3657. What are the prime factors of p?
2, 5, 11
Let j(s) = s**2 + 3*s - 14. Let i(t) = -t**2 - 5*t + 14. Let n(w) = -5*i(w) - 4*j(w). What are the prime factors of n(6)?
2, 5
Let y be ((-6)/(-6))/((-2)/54). Let o = -7 + 50. Let j = y + o. List the prime factors of j.
2
What are the prime factors of (-141632)/(-66) - 28/(-462)?
2, 29, 37
List the prime factors of ((-668)/6 - -7)*-3.
313
Let b = -222 - -346. List the prime factors of b.
2, 31
Let k(h) = 2*h**3 - 9*h**2 - h + 10. Let p be k(6). Suppose -4*i = -308 - p. What are the prime factors of i?
3, 5, 7
List the prime factors of -28*((-1)/(-2) - (-5005)/(-98)).
2, 3, 59
Let j(a) = -a**3 + 8*a**2 - 4*a - 14. Let r be j(7). Suppose r*k - 5*b = 2*k + 290, 2*b = 4*k - 222. List the prime factors of k.
53
Let h(v) = 40*v + 37. Let q be h(5). Suppose 6*s - 63 - q = 0. List the prime factors of s.
2, 5
Let f(d) be the first derivative of -d**3/3 + 4*d**2 + 3*d - 2. Let z be f(6). Suppose 3*s + 4*o = 36 - 11, 2*o + z = s. List the prime factors of s.
11
Let b(a) = 2*a + 11. Suppose 0 = 4*m - 59 - 41. Let s = m - 21. What are the prime factors of b(s)?
19
Let i = 1438 - 838. What are the prime factors of i?
2, 3, 5
Let a(r) = r**3 - 3*r**2 - 8*r - 3. Let x(t) = t**2 + t. Let u be x(-3). List the prime factors of a(u).
3, 19
Suppose b + 23 = h + 6*b, 0 = 5*h + b - 19. Let g(w) = -w**3 + 4*w - 3. Let l be g(h). Let q = l + 24. What are the prime factors of q?
2, 3
Let y = 249 + 2300. List the prime factors of y.
2549
Suppose 0 = -71*v + 72*v - 2645. What are the prime factors of v?
5, 23
Suppose 0 - 6 = -2*z. Let c(g) = 7*g**